{"version":"1.0","provider_name":"Freiwillige Feuerwehr Strengen am Arlberg","provider_url":"https:\/\/ff-strengen.at\/wp","author_name":"Simon Mark","author_url":"https:\/\/ff-strengen.at\/wp\/author\/masi78\/","title":"AETOS 2019 - Freiwillige Feuerwehr Strengen am Arlberg","type":"rich","width":600,"height":338,"html":"<blockquote class=\"wp-embedded-content\" data-secret=\"uoBAoUdXsB\"><a href=\"https:\/\/ff-strengen.at\/wp\/aetos-2019\/\">AETOS 2019<\/a><\/blockquote><iframe sandbox=\"allow-scripts\" security=\"restricted\" src=\"https:\/\/ff-strengen.at\/wp\/aetos-2019\/embed\/#?secret=uoBAoUdXsB\" width=\"600\" height=\"338\" title=\"&#8222;AETOS 2019&#8220; &#8211; Freiwillige Feuerwehr Strengen am Arlberg\" data-secret=\"uoBAoUdXsB\" frameborder=\"0\" marginwidth=\"0\" marginheight=\"0\" scrolling=\"no\" class=\"wp-embedded-content\"><\/iframe><script type=\"text\/javascript\">\n\/* <![CDATA[ *\/\n\/*! This file is auto-generated *\/\n!function(d,l){\"use strict\";l.querySelector&&d.addEventListener&&\"undefined\"!=typeof URL&&(d.wp=d.wp||{},d.wp.receiveEmbedMessage||(d.wp.receiveEmbedMessage=function(e){var t=e.data;if((t||t.secret||t.message||t.value)&&!\/[^a-zA-Z0-9]\/.test(t.secret)){for(var s,r,n,a=l.querySelectorAll('iframe[data-secret=\"'+t.secret+'\"]'),o=l.querySelectorAll('blockquote[data-secret=\"'+t.secret+'\"]'),c=new RegExp(\"^https?:$\",\"i\"),i=0;i<o.length;i++)o[i].style.display=\"none\";for(i=0;i<a.length;i++)s=a[i],e.source===s.contentWindow&&(s.removeAttribute(\"style\"),\"height\"===t.message?(1e3<(r=parseInt(t.value,10))?r=1e3:~~r<200&&(r=200),s.height=r):\"link\"===t.message&&(r=new URL(s.getAttribute(\"src\")),n=new URL(t.value),c.test(n.protocol))&&n.host===r.host&&l.activeElement===s&&(d.top.location.href=t.value))}},d.addEventListener(\"message\",d.wp.receiveEmbedMessage,!1),l.addEventListener(\"DOMContentLoaded\",function(){for(var e,t,s=l.querySelectorAll(\"iframe.wp-embedded-content\"),r=0;r<s.length;r++)(t=(e=s[r]).getAttribute(\"data-secret\"))||(t=Math.random().toString(36).substring(2,12),e.src+=\"#?secret=\"+t,e.setAttribute(\"data-secret\",t)),e.contentWindow.postMessage({message:\"ready\",secret:t},\"*\")},!1)))}(window,document);\n\/\/# sourceURL=https:\/\/ff-strengen.at\/wp\/wp-includes\/js\/wp-embed.min.js\n\/* ]]> *\/\n<\/script>\n","thumbnail_url":"https:\/\/ff-strengen.at\/wp\/wp-content\/uploads\/2019\/11\/bild01_q.jpg","thumbnail_width":554,"thumbnail_height":416,"description":"Die Landes-Feuerwehr-Katastrophen\u00fcbung unter dem Titel &#8222;AETOS&#8220; fand am 12. Oktober 2019 an mehreren Orten in Tirol statt. Die Feuerwehr Strengen war mit den KAT-Z\u00fcgen aus dem Bezirk Landeck bei der \u00dcbung in Nassereith vertreten. Bei dieser \u00dcbung mussten verschiedene Szenarien gemeinsam bearbeitet werden. Weitere Berichte: &#8211; Feuerwehr Nassereith &#8211; Bezirksfeuerwehrverband Imst &#8211; Landesfeuerwehrverband Tirol"}

Die Landes-Feuerwehr-Katastrophenübung unter dem Titel &#8222;AETOS&#8220; fand am 12. Oktober 2019 an mehreren Orten in Tirol statt. Die Feuerwehr Strengen war mit den KAT-Zügen aus dem Bezirk Landeck bei der Übung in Nassereith vertreten. Bei dieser Übung mussten verschiedene Szenarien gemeinsam bearbeitet werden. Weitere Berichte: &#8211; Feuerwehr Nassereith &#8211; Bezirksfeuerwehrverband Imst &#8211; Landesfeuerwehrverband Tirol
