{"version":"1.0","provider_name":"Freiwillige Feuerwehr Strengen am Arlberg","provider_url":"https:\/\/ff-strengen.at\/wp","author_name":"Simon Mark","author_url":"https:\/\/ff-strengen.at\/wp\/author\/masi78\/","title":"Aufr\u00e4umarbeiten nach dem Murenabgang, Strengen - Freiwillige Feuerwehr Strengen am Arlberg","type":"rich","width":600,"height":338,"html":"<blockquote class=\"wp-embedded-content\" data-secret=\"7T3a6KJU0c\"><a href=\"https:\/\/ff-strengen.at\/wp\/aufraeumarbeiten-nach-dem-murenabgang-strengen\/\">Aufr\u00e4umarbeiten nach dem Murenabgang, Strengen<\/a><\/blockquote><iframe sandbox=\"allow-scripts\" security=\"restricted\" src=\"https:\/\/ff-strengen.at\/wp\/aufraeumarbeiten-nach-dem-murenabgang-strengen\/embed\/#?secret=7T3a6KJU0c\" width=\"600\" height=\"338\" title=\"&#8222;Aufr\u00e4umarbeiten nach dem Murenabgang, Strengen&#8220; &#8211; Freiwillige Feuerwehr Strengen am Arlberg\" data-secret=\"7T3a6KJU0c\" frameborder=\"0\" marginwidth=\"0\" marginheight=\"0\" scrolling=\"no\" class=\"wp-embedded-content\"><\/iframe><script type=\"text\/javascript\">\n\/* <![CDATA[ *\/\n\/*! This file is auto-generated *\/\n!function(d,l){\"use strict\";l.querySelector&&d.addEventListener&&\"undefined\"!=typeof URL&&(d.wp=d.wp||{},d.wp.receiveEmbedMessage||(d.wp.receiveEmbedMessage=function(e){var t=e.data;if((t||t.secret||t.message||t.value)&&!\/[^a-zA-Z0-9]\/.test(t.secret)){for(var s,r,n,a=l.querySelectorAll('iframe[data-secret=\"'+t.secret+'\"]'),o=l.querySelectorAll('blockquote[data-secret=\"'+t.secret+'\"]'),c=new RegExp(\"^https?:$\",\"i\"),i=0;i<o.length;i++)o[i].style.display=\"none\";for(i=0;i<a.length;i++)s=a[i],e.source===s.contentWindow&&(s.removeAttribute(\"style\"),\"height\"===t.message?(1e3<(r=parseInt(t.value,10))?r=1e3:~~r<200&&(r=200),s.height=r):\"link\"===t.message&&(r=new URL(s.getAttribute(\"src\")),n=new URL(t.value),c.test(n.protocol))&&n.host===r.host&&l.activeElement===s&&(d.top.location.href=t.value))}},d.addEventListener(\"message\",d.wp.receiveEmbedMessage,!1),l.addEventListener(\"DOMContentLoaded\",function(){for(var e,t,s=l.querySelectorAll(\"iframe.wp-embedded-content\"),r=0;r<s.length;r++)(t=(e=s[r]).getAttribute(\"data-secret\"))||(t=Math.random().toString(36).substring(2,12),e.src+=\"#?secret=\"+t,e.setAttribute(\"data-secret\",t)),e.contentWindow.postMessage({message:\"ready\",secret:t},\"*\")},!1)))}(window,document);\n\/\/# sourceURL=https:\/\/ff-strengen.at\/wp\/wp-includes\/js\/wp-embed.min.js\n\/* ]]> *\/\n<\/script>\n","thumbnail_url":"https:\/\/ff-strengen.at\/wp\/wp-content\/uploads\/2019\/09\/20190902-084641_SeSi.jpg","thumbnail_width":2880,"thumbnail_height":2160,"description":"Seit Sonntag, den 1. September 2019 arbeiten zahlreiche schwere Ger\u00e4te und Helfer an der Beseitigung der Mure. Die verschiedenen Beh\u00f6rdenvertreter, darunter auch Landeshauptmann G\u00fcnther Platter, haben sich am Montag, den 2. September 2019 ein Bild vom Ausma\u00df der Mure gemacht. Bei einer gemeinsamen Besprechung wurden verschiedene Ma\u00dfnahmen diskutiert, welche nun im Detail untersucht und ausgearbeitet [&hellip;]"}

Aufräumarbeiten nach dem Murenabgang, Strengen - Freiwillige Feuerwehr Strengen am Arlberg

<blockquote class="wp-embedded-content" data-secret="7T3a6KJU0c"><a href="https://ff-strengen.at/wp/aufraeumarbeiten-nach-dem-murenabgang-strengen/">Aufräumarbeiten nach dem Murenabgang, Strengen</a></blockquote><iframe sandbox="allow-scripts" security="restricted" src="https://ff-strengen.at/wp/aufraeumarbeiten-nach-dem-murenabgang-strengen/embed/#?secret=7T3a6KJU0c" width="600" height="338" title="&#8222;Aufräumarbeiten nach dem Murenabgang, Strengen&#8220; &#8211; Freiwillige Feuerwehr Strengen am Arlberg" data-secret="7T3a6KJU0c" frameborder="0" marginwidth="0" marginheight="0" scrolling="no" class="wp-embedded-content"></iframe><script type="text/javascript">
/* <![CDATA[ */
/*! This file is auto-generated */
!function(d,l){"use strict";l.querySelector&&d.addEventListener&&"undefined"!=typeof URL&&(d.wp=d.wp||{},d.wp.receiveEmbedMessage||(d.wp.receiveEmbedMessage=function(e){var t=e.data;if((t||t.secret||t.message||t.value)&&!/[^a-zA-Z0-9]/.test(t.secret)){for(var s,r,n,a=l.querySelectorAll('iframe[data-secret="'+t.secret+'"]'),o=l.querySelectorAll('blockquote[data-secret="'+t.secret+'"]'),c=new RegExp("^https?:$","i"),i=0;i<o.length;i++)o[i].style.display="none";for(i=0;i<a.length;i++)s=a[i],e.source===s.contentWindow&&(s.removeAttribute("style"),"height"===t.message?(1e3<(r=parseInt(t.value,10))?r=1e3:~~r<200&&(r=200),s.height=r):"link"===t.message&&(r=new URL(s.getAttribute("src")),n=new URL(t.value),c.test(n.protocol))&&n.host===r.host&&l.activeElement===s&&(d.top.location.href=t.value))}},d.addEventListener("message",d.wp.receiveEmbedMessage,!1),l.addEventListener("DOMContentLoaded",function(){for(var e,t,s=l.querySelectorAll("iframe.wp-embedded-content"),r=0;r<s.length;r++)(t=(e=s[r]).getAttribute("data-secret"))||(t=Math.random().toString(36).substring(2,12),e.src+="#?secret="+t,e.setAttribute("data-secret",t)),e.contentWindow.postMessage({message:"ready",secret:t},"*")},!1)))}(window,document);
//# sourceURL=https://ff-strengen.at/wp/wp-includes/js/wp-embed.min.js
/* ]]> */
</script>

Seit Sonntag, den 1. September 2019 arbeiten zahlreiche schwere Geräte und Helfer an der Beseitigung der Mure. Die verschiedenen Behördenvertreter, darunter auch Landeshauptmann Günther Platter, haben sich am Montag, den 2. September 2019 ein Bild vom Ausmaß der Mure gemacht. Bei einer gemeinsamen Besprechung wurden verschiedene Maßnahmen diskutiert, welche nun im Detail untersucht und ausgearbeitet [&hellip;]
