{"version":"1.0","provider_name":"Freiwillige Feuerwehr Strengen am Arlberg","provider_url":"https:\/\/ff-strengen.at\/wp","author_name":"Simon Mark","author_url":"https:\/\/ff-strengen.at\/wp\/author\/masi78\/","title":"Jahreshauptversammlung 2020 - Freiwillige Feuerwehr Strengen am Arlberg","type":"rich","width":600,"height":338,"html":"<blockquote class=\"wp-embedded-content\" data-secret=\"cti4UajxPJ\"><a href=\"https:\/\/ff-strengen.at\/wp\/jahreshauptversammlung-2020\/\">Jahreshauptversammlung 2020<\/a><\/blockquote><iframe sandbox=\"allow-scripts\" security=\"restricted\" src=\"https:\/\/ff-strengen.at\/wp\/jahreshauptversammlung-2020\/embed\/#?secret=cti4UajxPJ\" width=\"600\" height=\"338\" title=\"&#8222;Jahreshauptversammlung 2020&#8220; &#8211; Freiwillige Feuerwehr Strengen am Arlberg\" data-secret=\"cti4UajxPJ\" frameborder=\"0\" marginwidth=\"0\" marginheight=\"0\" scrolling=\"no\" class=\"wp-embedded-content\"><\/iframe><script type=\"text\/javascript\">\n\/* <![CDATA[ *\/\n\/*! This file is auto-generated *\/\n!function(d,l){\"use strict\";l.querySelector&&d.addEventListener&&\"undefined\"!=typeof URL&&(d.wp=d.wp||{},d.wp.receiveEmbedMessage||(d.wp.receiveEmbedMessage=function(e){var t=e.data;if((t||t.secret||t.message||t.value)&&!\/[^a-zA-Z0-9]\/.test(t.secret)){for(var s,r,n,a=l.querySelectorAll('iframe[data-secret=\"'+t.secret+'\"]'),o=l.querySelectorAll('blockquote[data-secret=\"'+t.secret+'\"]'),c=new RegExp(\"^https?:$\",\"i\"),i=0;i<o.length;i++)o[i].style.display=\"none\";for(i=0;i<a.length;i++)s=a[i],e.source===s.contentWindow&&(s.removeAttribute(\"style\"),\"height\"===t.message?(1e3<(r=parseInt(t.value,10))?r=1e3:~~r<200&&(r=200),s.height=r):\"link\"===t.message&&(r=new URL(s.getAttribute(\"src\")),n=new URL(t.value),c.test(n.protocol))&&n.host===r.host&&l.activeElement===s&&(d.top.location.href=t.value))}},d.addEventListener(\"message\",d.wp.receiveEmbedMessage,!1),l.addEventListener(\"DOMContentLoaded\",function(){for(var e,t,s=l.querySelectorAll(\"iframe.wp-embedded-content\"),r=0;r<s.length;r++)(t=(e=s[r]).getAttribute(\"data-secret\"))||(t=Math.random().toString(36).substring(2,12),e.src+=\"#?secret=\"+t,e.setAttribute(\"data-secret\",t)),e.contentWindow.postMessage({message:\"ready\",secret:t},\"*\")},!1)))}(window,document);\n\/\/# sourceURL=https:\/\/ff-strengen.at\/wp\/wp-includes\/js\/wp-embed.min.js\n\/* ]]> *\/\n<\/script>\n","thumbnail_url":"https:\/\/ff-strengen.at\/wp\/wp-content\/uploads\/2020\/01\/20200110_Titel-JHV.jpg","thumbnail_width":2000,"thumbnail_height":1500,"description":"Zur Jahreshauptversammlung am 10. J\u00e4nner 2020 konnte Kommandant Andreas \u00d6ttl wieder zahlreiche Kammeraden und Ehreng\u00e4ste begr\u00fc\u00dfen. Neben Bgm. Harald Sie\u00df, Vizebgm. Reinhard Zangerl, Pfarrer Georg Sch\u00f6dl fanden sich auch die Vertreter des Bezirks mit BFK-Stv. Hubert Senn und Schriftf\u00fchrer Dietmar Weiskopf ein. Der R\u00fcckblick auf das vergangene Jahr begann mit einer Gedenkminute an die verstorbenen [&hellip;]"}

Zur Jahreshauptversammlung am 10. Jänner 2020 konnte Kommandant Andreas Öttl wieder zahlreiche Kammeraden und Ehrengäste begrüßen. Neben Bgm. Harald Sieß, Vizebgm. Reinhard Zangerl, Pfarrer Georg Schödl fanden sich auch die Vertreter des Bezirks mit BFK-Stv. Hubert Senn und Schriftführer Dietmar Weiskopf ein. Der Rückblick auf das vergangene Jahr begann mit einer Gedenkminute an die verstorbenen [&hellip;]
