{"version":"1.0","provider_name":"Freiwillige Feuerwehr Strengen am Arlberg","provider_url":"https:\/\/ff-strengen.at\/wp","author_name":"Simon Mark","author_url":"https:\/\/ff-strengen.at\/wp\/author\/masi78\/","title":"Jahreshauptversammlung 2025 - Freiwillige Feuerwehr Strengen am Arlberg","type":"rich","width":600,"height":338,"html":"<blockquote class=\"wp-embedded-content\" data-secret=\"ThseU4CUpn\"><a href=\"https:\/\/ff-strengen.at\/wp\/jahreshauptversammlung-2025\/\">Jahreshauptversammlung 2025<\/a><\/blockquote><iframe sandbox=\"allow-scripts\" security=\"restricted\" src=\"https:\/\/ff-strengen.at\/wp\/jahreshauptversammlung-2025\/embed\/#?secret=ThseU4CUpn\" width=\"600\" height=\"338\" title=\"&#8222;Jahreshauptversammlung 2025&#8220; &#8211; Freiwillige Feuerwehr Strengen am Arlberg\" data-secret=\"ThseU4CUpn\" frameborder=\"0\" marginwidth=\"0\" marginheight=\"0\" scrolling=\"no\" class=\"wp-embedded-content\"><\/iframe><script type=\"text\/javascript\">\n\/* <![CDATA[ *\/\n\/*! This file is auto-generated *\/\n!function(d,l){\"use strict\";l.querySelector&&d.addEventListener&&\"undefined\"!=typeof URL&&(d.wp=d.wp||{},d.wp.receiveEmbedMessage||(d.wp.receiveEmbedMessage=function(e){var t=e.data;if((t||t.secret||t.message||t.value)&&!\/[^a-zA-Z0-9]\/.test(t.secret)){for(var s,r,n,a=l.querySelectorAll('iframe[data-secret=\"'+t.secret+'\"]'),o=l.querySelectorAll('blockquote[data-secret=\"'+t.secret+'\"]'),c=new RegExp(\"^https?:$\",\"i\"),i=0;i<o.length;i++)o[i].style.display=\"none\";for(i=0;i<a.length;i++)s=a[i],e.source===s.contentWindow&&(s.removeAttribute(\"style\"),\"height\"===t.message?(1e3<(r=parseInt(t.value,10))?r=1e3:~~r<200&&(r=200),s.height=r):\"link\"===t.message&&(r=new URL(s.getAttribute(\"src\")),n=new URL(t.value),c.test(n.protocol))&&n.host===r.host&&l.activeElement===s&&(d.top.location.href=t.value))}},d.addEventListener(\"message\",d.wp.receiveEmbedMessage,!1),l.addEventListener(\"DOMContentLoaded\",function(){for(var e,t,s=l.querySelectorAll(\"iframe.wp-embedded-content\"),r=0;r<s.length;r++)(t=(e=s[r]).getAttribute(\"data-secret\"))||(t=Math.random().toString(36).substring(2,12),e.src+=\"#?secret=\"+t,e.setAttribute(\"data-secret\",t)),e.contentWindow.postMessage({message:\"ready\",secret:t},\"*\")},!1)))}(window,document);\n\/\/# sourceURL=https:\/\/ff-strengen.at\/wp\/wp-includes\/js\/wp-embed.min.js\n\/* ]]> *\/\n<\/script>\n","thumbnail_url":"http:\/\/ff-strengen.at\/wp\/wp-content\/uploads\/2025\/11\/20251114-210631_MaSi_zuschn-scaled.jpg","thumbnail_width":2560,"thumbnail_height":1920,"description":"Am Freitag, den 14. November 2025 fand die ordentliche Jahreshauptversammlung der Feuerwehr Strengen statt.Kommandant Andreas konnte neben den Mitgliedern auch B\u00fcrgermeister Harald Sie\u00df, Vizeb\u00fcrgermeister Gernot Neuhauser, Bezirksfeuerwehrkommandant Simon Schwendinger und Abschnittskommandant Christian Starjakob begr\u00fc\u00dfen. F\u00fcr unseren verstorbenen Kamerad Erwin Mair wurde zu Beginn der Versammlung eine Gedenkminute abgehalten. Zum Stichtag der Jahreshauptversammlung hat die Feuerwehr [&hellip;]"}

Am Freitag, den 14. November 2025 fand die ordentliche Jahreshauptversammlung der Feuerwehr Strengen statt.Kommandant Andreas konnte neben den Mitgliedern auch Bürgermeister Harald Sieß, Vizebürgermeister Gernot Neuhauser, Bezirksfeuerwehrkommandant Simon Schwendinger und Abschnittskommandant Christian Starjakob begrüßen. Für unseren verstorbenen Kamerad Erwin Mair wurde zu Beginn der Versammlung eine Gedenkminute abgehalten. Zum Stichtag der Jahreshauptversammlung hat die Feuerwehr [&hellip;]
