{"version":"1.0","provider_name":"Freiwillige Feuerwehr Strengen am Arlberg","provider_url":"https:\/\/ff-strengen.at\/wp","author_name":"Simon Mark","author_url":"https:\/\/ff-strengen.at\/wp\/author\/masi78\/","title":"Quad im Ortsteil Unterweg abgest\u00fcrzt , Strengen - Freiwillige Feuerwehr Strengen am Arlberg","type":"rich","width":600,"height":338,"html":"<blockquote class=\"wp-embedded-content\" data-secret=\"DwVoerZIok\"><a href=\"https:\/\/ff-strengen.at\/wp\/quad-im-ortsteil-unterweg-abgestuerzt-strengen\/\">Quad im Ortsteil Unterweg abgest\u00fcrzt , Strengen<\/a><\/blockquote><iframe sandbox=\"allow-scripts\" security=\"restricted\" src=\"https:\/\/ff-strengen.at\/wp\/quad-im-ortsteil-unterweg-abgestuerzt-strengen\/embed\/#?secret=DwVoerZIok\" width=\"600\" height=\"338\" title=\"&#8222;Quad im Ortsteil Unterweg abgest\u00fcrzt , Strengen&#8220; &#8211; Freiwillige Feuerwehr Strengen am Arlberg\" data-secret=\"DwVoerZIok\" frameborder=\"0\" marginwidth=\"0\" marginheight=\"0\" scrolling=\"no\" class=\"wp-embedded-content\"><\/iframe><script type=\"text\/javascript\">\n\/* <![CDATA[ *\/\n\/*! This file is auto-generated *\/\n!function(d,l){\"use strict\";l.querySelector&&d.addEventListener&&\"undefined\"!=typeof URL&&(d.wp=d.wp||{},d.wp.receiveEmbedMessage||(d.wp.receiveEmbedMessage=function(e){var t=e.data;if((t||t.secret||t.message||t.value)&&!\/[^a-zA-Z0-9]\/.test(t.secret)){for(var s,r,n,a=l.querySelectorAll('iframe[data-secret=\"'+t.secret+'\"]'),o=l.querySelectorAll('blockquote[data-secret=\"'+t.secret+'\"]'),c=new RegExp(\"^https?:$\",\"i\"),i=0;i<o.length;i++)o[i].style.display=\"none\";for(i=0;i<a.length;i++)s=a[i],e.source===s.contentWindow&&(s.removeAttribute(\"style\"),\"height\"===t.message?(1e3<(r=parseInt(t.value,10))?r=1e3:~~r<200&&(r=200),s.height=r):\"link\"===t.message&&(r=new URL(s.getAttribute(\"src\")),n=new URL(t.value),c.test(n.protocol))&&n.host===r.host&&l.activeElement===s&&(d.top.location.href=t.value))}},d.addEventListener(\"message\",d.wp.receiveEmbedMessage,!1),l.addEventListener(\"DOMContentLoaded\",function(){for(var e,t,s=l.querySelectorAll(\"iframe.wp-embedded-content\"),r=0;r<s.length;r++)(t=(e=s[r]).getAttribute(\"data-secret\"))||(t=Math.random().toString(36).substring(2,12),e.src+=\"#?secret=\"+t,e.setAttribute(\"data-secret\",t)),e.contentWindow.postMessage({message:\"ready\",secret:t},\"*\")},!1)))}(window,document);\n\/\/# sourceURL=https:\/\/ff-strengen.at\/wp\/wp-includes\/js\/wp-embed.min.js\n\/* ]]> *\/\n<\/script>\n","thumbnail_url":"https:\/\/ff-strengen.at\/wp\/wp-content\/uploads\/2022\/06\/20220605_10.jpeg","thumbnail_width":1600,"thumbnail_height":1200,"description":"Mit der Alarmmeldung &#8222;Quad abgest\u00fcrzt, \u00d6l tritt aus&#8220; wurde die Feuerwehr Strengen am Samstag, den 4. Juni 2022 um 18:14 Uhr mittels Sirene und Pager alarmiert. Vor Ort fanden die Einsatzkr\u00e4fte das abgest\u00fcrzte Quad auf der Gemeindestra\u00dfe vor. Der verunfallte Fahrer befand sich noch im steilen Gel\u00e4nde zwischen den beiden Stra\u00dfen und wurde gemeinsam mit [&hellip;]"}

Quad im Ortsteil Unterweg abgestürzt , Strengen - Freiwillige Feuerwehr Strengen am Arlberg

<blockquote class="wp-embedded-content" data-secret="DwVoerZIok"><a href="https://ff-strengen.at/wp/quad-im-ortsteil-unterweg-abgestuerzt-strengen/">Quad im Ortsteil Unterweg abgestürzt , Strengen</a></blockquote><iframe sandbox="allow-scripts" security="restricted" src="https://ff-strengen.at/wp/quad-im-ortsteil-unterweg-abgestuerzt-strengen/embed/#?secret=DwVoerZIok" width="600" height="338" title="&#8222;Quad im Ortsteil Unterweg abgestürzt , Strengen&#8220; &#8211; Freiwillige Feuerwehr Strengen am Arlberg" data-secret="DwVoerZIok" frameborder="0" marginwidth="0" marginheight="0" scrolling="no" class="wp-embedded-content"></iframe><script type="text/javascript">
/* <![CDATA[ */
/*! This file is auto-generated */
!function(d,l){"use strict";l.querySelector&&d.addEventListener&&"undefined"!=typeof URL&&(d.wp=d.wp||{},d.wp.receiveEmbedMessage||(d.wp.receiveEmbedMessage=function(e){var t=e.data;if((t||t.secret||t.message||t.value)&&!/[^a-zA-Z0-9]/.test(t.secret)){for(var s,r,n,a=l.querySelectorAll('iframe[data-secret="'+t.secret+'"]'),o=l.querySelectorAll('blockquote[data-secret="'+t.secret+'"]'),c=new RegExp("^https?:$","i"),i=0;i<o.length;i++)o[i].style.display="none";for(i=0;i<a.length;i++)s=a[i],e.source===s.contentWindow&&(s.removeAttribute("style"),"height"===t.message?(1e3<(r=parseInt(t.value,10))?r=1e3:~~r<200&&(r=200),s.height=r):"link"===t.message&&(r=new URL(s.getAttribute("src")),n=new URL(t.value),c.test(n.protocol))&&n.host===r.host&&l.activeElement===s&&(d.top.location.href=t.value))}},d.addEventListener("message",d.wp.receiveEmbedMessage,!1),l.addEventListener("DOMContentLoaded",function(){for(var e,t,s=l.querySelectorAll("iframe.wp-embedded-content"),r=0;r<s.length;r++)(t=(e=s[r]).getAttribute("data-secret"))||(t=Math.random().toString(36).substring(2,12),e.src+="#?secret="+t,e.setAttribute("data-secret",t)),e.contentWindow.postMessage({message:"ready",secret:t},"*")},!1)))}(window,document);
//# sourceURL=https://ff-strengen.at/wp/wp-includes/js/wp-embed.min.js
/* ]]> */
</script>

Mit der Alarmmeldung &#8222;Quad abgestürzt, Öl tritt aus&#8220; wurde die Feuerwehr Strengen am Samstag, den 4. Juni 2022 um 18:14 Uhr mittels Sirene und Pager alarmiert. Vor Ort fanden die Einsatzkräfte das abgestürzte Quad auf der Gemeindestraße vor. Der verunfallte Fahrer befand sich noch im steilen Gelände zwischen den beiden Straßen und wurde gemeinsam mit [&hellip;]
