{"version":"1.0","provider_name":"Freiwillige Feuerwehr Strengen am Arlberg","provider_url":"https:\/\/ff-strengen.at\/wp","author_name":"Daniel Prie\u00dfnegger","author_url":"https:\/\/ff-strengen.at\/wp\/author\/prieda\/","title":"\"Scheibenschlagen\" - Immarterielles Kulturerbe - Freiwillige Feuerwehr Strengen am Arlberg","type":"rich","width":600,"height":338,"html":"<blockquote class=\"wp-embedded-content\" data-secret=\"VsXpIKGH96\"><a href=\"https:\/\/ff-strengen.at\/wp\/scheibenschlagen-immarterielles-kulturerbe\/\">&#8222;Scheibenschlagen&#8220; &#8211; Immarterielles Kulturerbe<\/a><\/blockquote><iframe sandbox=\"allow-scripts\" security=\"restricted\" src=\"https:\/\/ff-strengen.at\/wp\/scheibenschlagen-immarterielles-kulturerbe\/embed\/#?secret=VsXpIKGH96\" width=\"600\" height=\"338\" title=\"&#8222;&#8222;Scheibenschlagen&#8220; &#8211; Immarterielles Kulturerbe&#8220; &#8211; Freiwillige Feuerwehr Strengen am Arlberg\" data-secret=\"VsXpIKGH96\" frameborder=\"0\" marginwidth=\"0\" marginheight=\"0\" scrolling=\"no\" class=\"wp-embedded-content\"><\/iframe><script type=\"text\/javascript\">\n\/* <![CDATA[ *\/\n\/*! This file is auto-generated *\/\n!function(d,l){\"use strict\";l.querySelector&&d.addEventListener&&\"undefined\"!=typeof URL&&(d.wp=d.wp||{},d.wp.receiveEmbedMessage||(d.wp.receiveEmbedMessage=function(e){var t=e.data;if((t||t.secret||t.message||t.value)&&!\/[^a-zA-Z0-9]\/.test(t.secret)){for(var s,r,n,a=l.querySelectorAll('iframe[data-secret=\"'+t.secret+'\"]'),o=l.querySelectorAll('blockquote[data-secret=\"'+t.secret+'\"]'),c=new RegExp(\"^https?:$\",\"i\"),i=0;i<o.length;i++)o[i].style.display=\"none\";for(i=0;i<a.length;i++)s=a[i],e.source===s.contentWindow&&(s.removeAttribute(\"style\"),\"height\"===t.message?(1e3<(r=parseInt(t.value,10))?r=1e3:~~r<200&&(r=200),s.height=r):\"link\"===t.message&&(r=new URL(s.getAttribute(\"src\")),n=new URL(t.value),c.test(n.protocol))&&n.host===r.host&&l.activeElement===s&&(d.top.location.href=t.value))}},d.addEventListener(\"message\",d.wp.receiveEmbedMessage,!1),l.addEventListener(\"DOMContentLoaded\",function(){for(var e,t,s=l.querySelectorAll(\"iframe.wp-embedded-content\"),r=0;r<s.length;r++)(t=(e=s[r]).getAttribute(\"data-secret\"))||(t=Math.random().toString(36).substring(2,12),e.src+=\"#?secret=\"+t,e.setAttribute(\"data-secret\",t)),e.contentWindow.postMessage({message:\"ready\",secret:t},\"*\")},!1)))}(window,document);\n\/\/# sourceURL=https:\/\/ff-strengen.at\/wp\/wp-includes\/js\/wp-embed.min.js\n\/* ]]> *\/\n<\/script>\n","thumbnail_url":"https:\/\/ff-strengen.at\/wp\/wp-content\/uploads\/2023\/05\/01_ti.jpg","thumbnail_width":768,"thumbnail_height":576,"description":"Am Freitag, den 12. Mai 2023 durfte KDT \u00d6ttl Andreas und KDTStv. Prie\u00dfnegger Daniel bei der Verleihung der Urkunde f\u00fcr das Nationale Immarterielle Kulturerbe der UNESCO und des Bundesministeriums f\u00fcr Kunst, Kultur, \u00f6ffentlicher Dienst und Sport im Stadtsaal Landeck beisitzen. Das Scheibenschlagen das bereits schon im Immarteriellen Kulturerbe aufgenommen wurde, wurde gestern nun offiziell auf [&hellip;]"}

Daniel Prießnegger

Am Freitag, den 12. Mai 2023 durfte KDT Öttl Andreas und KDTStv. Prießnegger Daniel bei der Verleihung der Urkunde für das Nationale Immarterielle Kulturerbe der UNESCO und des Bundesministeriums für Kunst, Kultur, öffentlicher Dienst und Sport im Stadtsaal Landeck beisitzen. Das Scheibenschlagen das bereits schon im Immarteriellen Kulturerbe aufgenommen wurde, wurde gestern nun offiziell auf [&hellip;]
